
2, 3
Suppose t - 5*t + 56 = 0. What are the prime factors of t?
2, 7
Suppose n - 4 = 0, 2*n + 44 = -4*p + n. Let u(c) = -c**3 - 13*c**2 - 13*c - 2. What are the prime factors of u(p)?
2, 5
Suppose -2*c + 30 = 4*l, -2*l + 10 = 5*c - 17. List the prime factors of ((-9)/l)/(3/(-8)).
2
Let p(a) = -168*a - 9. List the prime factors of p(-2).
3, 109
Let m(b) = 14*b**3 - b**2 + 3*b + 1. What are the prime factors of m(2)?
5, 23
Suppose 3*u - 41 + 101 = 0. Let h = u + 23. What are the prime factors of h?
3
Suppose p = -4*p + 145. List the prime factors of p.
29
Suppose -12 = 3*d, 4*o + 0*d - 20 = -d. Let b(a) = -11*a - 2. Let f(k) = 5*k + 1. Let l(g) = 3*b(g) + 7*f(g). List the prime factors of l(o).
13
Suppose 7*a - 12 = 4*a. Suppose -2*o + a*o = 24. Suppose 6*l - o = 2*l. List the prime factors of l.
3
Let m = 15 + 12. List the prime factors of m.
3
What are the prime factors of ((-18)/(-10))/(5/25)?
3
Suppose 4*k - 5 = 3. Let d = 19 - k. List the prime factors of d.
17
Let l(b) = b**3 - 4*b**2 + 4*b + 15. What are the prime factors of l(5)?
2, 3, 5
Let p(z) = z**2 - 3. What are the prime factors of p(-3)?
2, 3
Let m(q) = -3*q - 5*q + 4*q + 0 - 7. What are the prime factors of m(-5)?
13
Let n = 11 + 45. What are the prime factors of n?
2, 7
Let y(t) = t**3 + 18*t**2 + 21*t - 15. List the prime factors of y(-16).
7, 23
Suppose 3*s - 3*y = -0*y + 48, -4*y + 26 = s. Suppose 2*a + 3*g = 5*g - 10, 5*a + 2*g + s = 0. List the prime factors of a/(-16) - 15/(-4).
2
Suppose -54 - 18 = -2*x. List the prime factors of x.
2, 3
Suppose z - 4*z = 0. Suppose 3*m + 3 = -z*m. List the prime factors of 2*m/2*-12.
2, 3
Let w(g) be the first derivative of g**4/4 - g**3/3 - 5*g**2/2 + 2*g - 1. Let j be w(3). Let o = j - -1. What are the prime factors of o?
2, 3
Let o(v) = 5*v**2 + 4*v - 11. What are the prime factors of o(-6)?
5, 29
Let q = -3 + 2. Let r be ((-165)/4)/(-5) + (-1)/4. List the prime factors of (-3 - q)*(2 - r).
2, 3
What are the prime factors of -382*(9/(-21) + (-2)/28)?
191
Let y = -3 + 7. Suppose 2*b - 2*j + 2 = 6, -y*b - 5*j + 26 = 0. What are the prime factors of (-1)/(-1)*(b + 0)?
2
Let b(p) = -p**3 - 11*p**2 + p + 5. Let r be b(-11). Let n = 12 + r. What are the prime factors of n?
2, 3
Suppose 2*m + 2 - 4 = 0. Suppose 3*t + 28 = 3*a + a, 12 = 3*t. Let h = a + m. What are the prime factors of h?
11
Let g(n) = 5*n + 3. Let x(r) = 20*r + 13. Let v(j) = -9*g(j) + 2*x(j). What are the prime factors of v(-9)?
2, 11
Let s(b) = -b**3 + 8*b**2 + 11*b - 10. What are the prime factors of s(9)?
2
Let i(b) = 22*b**2 + 2*b. List the prime factors of i(-2).
2, 3, 7
Suppose u - 5*m + 7 = 2*u, 5*u + 5*m = 95. What are the prime factors of u?
2, 11
Let u(c) = -4*c - 1. Let y = -4 + 4. Suppose -5*r + 4*n = -r + 16, y = -2*r + n - 5. What are the prime factors of u(r)?
3
Let d = 416 + -213. What are the prime factors of d?
7, 29
Suppose 0 = 4*p - 16, 5*q + p - 26 = -2. Suppose -5*u = -96 + 26. Suppose 26 + u = q*a. What are the prime factors of a?
2, 5
Suppose -4*s + 12 = -12. Let t be 2/3*(s + -3). Suppose -3*y + 4*p = -30, t*y + p = -2*y + 21. What are the prime factors of y?
2, 3
Let o = -4 + 3. What are the prime factors of 296/12 + o/(-3)?
5
What are the prime factors of (0 - 72/(-3))*(-2 - -7)?
2, 3, 5
Let z(v) = -3*v + 12. Let n be z(8). Let g(j) = j**2 + 12*j + 14. List the prime factors of g(n).
2, 7
Let p(i) = -i**3 + 4*i**2 + 2. Let l = -3 + 7. List the prime factors of p(l).
2
Let x(l) be the third derivative of l**5/60 - 5*l**3/2 + 4*l**2. List the prime factors of x(7).
2, 17
Let n = 18 - 10. Let t = 18 - n. List the prime factors of t.
2, 5
Suppose -2*w - 481 = -3*s - 6*w, s = -2*w + 159. What are the prime factors of s?
163
Suppose -2*b - 3*k = 3, -12 = 3*k + k. Let d(p) = 4 - p**2 - b + 4*p + 0*p**2. List the prime factors of d(3).
2
Let n(k) = 24*k - 41. What are the prime factors of n(10)?
199
Suppose -2*x - 3*z - 37 = 2, 3*z = 15. Suppose 3*h + 11 = -34. Let g = h - x. What are the prime factors of g?
2, 3
Suppose 6*k = 2*k + 28. List the prime factors of k.
7
Let f be (-180)/50*10/(-6). Let n(t) be the third derivative of t**4/24 + 4*t**3/3 + t**2. List the prime factors of n(f).
2, 7
Let f(h) = 7*h + 4. Let v be f(5). Suppose -2*m - m = -v. What are the prime factors of m?
13
List the prime factors of 8/20 - (-386)/10.
3, 13
Let k = 115 - 80. What are the prime factors of k?
5, 7
Suppose -5*t - 4 + 34 = 0. Let y = 3 - -1. Suppose t*n - 24 = 4*n - w, 5*n - 34 = y*w. What are the prime factors of n?
2, 5
Suppose 2*p = 2 + 74. What are the prime factors of p?
2, 19
Suppose -2*x + 32 = 4*z, -12 = -2*x - z + 5. Suppose x*b - 4*b = 90. Suppose 4*p + p = b. What are the prime factors of p?
3
Suppose 3*s + 3 = 9. Let m(u) = 2*u**2 + u - 1. List the prime factors of m(s).
3
Suppose 34 = 2*k + 204. What are the prime factors of (-1 + 3)/((-10)/k)?
17
Let s(k) = -k**3 - 8*k**2 - 9*k - 8. Let w be s(-7). Suppose 2*j - w*j = -40. List the prime factors of j.
2, 5
Suppose 2*o - 4*r = -3*o - 715, -o + 3*r = 154. Let v = o + 54. What are the prime factors of (2 - 0)*v/(-10)?
17
Let q(k) = -k**3 - 4*k**2 - k - 9. Let t be q(-6). Let u = 109 - t. List the prime factors of u.
2, 5
Let s be (1/(3/51))/(-1). Let y = s + 21. List the prime factors of y.
2
Suppose 2*q = 4*u - 3*u - 2, 0 = 4*u - 2*q - 8. Let a = 7 - u. List the prime factors of a.
5
Let t = 5 - -15. What are the prime factors of (-50)/t*62/(-5)?
31
Suppose -2*c = -c. Suppose 2*g + 2*g - 44 = c. What are the prime factors of g?
11
Let i = 118 + -67. What are the prime factors of i?
3, 17
Suppose 0 = -2*r - 2*r - 4*w + 24, 15 = 4*r + w. Let n = 17 + r. Suppose 4*x + 3*k = n, -4*x = -2*k - 23 - 17. What are the prime factors of x?
2
Suppose -8 = 2*p - 22. Suppose -9*v = -p*v - 56. What are the prime factors of v?
2, 7
Let b = 11 + 23. What are the prime factors of b?
2, 17
Suppose -u + 1 = -3. Suppose 4*y + u*w = 40 + 64, w = -4*y + 110. List the prime factors of y.
2, 7
Suppose 0*i + 2*i - 24 = 0. Suppose 2*k - 4*s + i = -3*k, k = 2*s. List the prime factors of (10 + k)*1*2.
2, 3
Suppose 0 = 5*b - 15, 7*i - 2*i = -5*b - 5. Let l(y) = -6*y - 5. What are the prime factors of l(i)?
19
Let z(w) = w - 1. Let j(x) = 6. Let b(t) = j(t) - z(t). Let r be b(5). Suppose i - 9 - r = 0. What are the prime factors of i?
11
Suppose z = -5*c - 0*z + 23, 3*c = 2*z + 19. Suppose 0 = -c*u + j - 5 + 21, 4*u = -4*j + 8. Suppose -52 = -7*y + u*y. What are the prime factors of y?
13
Suppose -3*r = -5*r. Suppose -q + 16 = -2*f - 10, r = -4*q - f + 68. What are the prime factors of q?
2, 3
Let s(o) be the first derivative of o**6/180 - o**5/60 - o**4/6 + 4*o**3/3 - 4. Let j(f) be the third derivative of s(f). List the prime factors of j(4).
2, 5
Suppose h = -h + 56. Suppose -3*m + m + h = 0. What are the prime factors of m?
2, 7
Let m be (-4)/18 + (-423)/(-81). Suppose -25 = 5*d - 0*d, -m*w + 4*d + 110 = 0. What are the prime factors of w?
2, 3
Let p = -13 + 4. Let v = -1 - p. List the prime factors of v.
2
Let z = -6 - -6. Suppose 7 = y - z. What are the prime factors of y?
7
Let p(s) = s + 4. Let b be p(-7). List the prime factors of 1/3 - 35/b.
2, 3
Let u = -10 - -8. Let l be (u + 2)*(-3)/(-9). Suppose l = y + 2*b + 1, -4*b = 5*y - 25. List the prime factors of y.
3
Suppose -3*x = 5*z + 10, 7 - 3 = x - 2*z. Suppose -3*p + x*p = -12. Let a(t) = -t**3 + 5*t**2 - 5*t + 6. What are the prime factors of a(p)?
2
Let u be (-6)/4*(-16)/12. Suppose 2*o = o + u. What are the prime factors of o/(-6) + (-25)/(-3)?
2
Let j = 178 - 73. What are the prime factors of j?
3, 5, 7
Let l be (-6)/(-4)*(-268)/6. Let k = -38 - l. List the prime factors of k.
29
What are the prime factors of (-2200)/(-85) - 6/(-51)?
2, 13
Let m be ((-5)/(-15))/((-2)/6). List the prime factors of (2 + 13)/3 - m.
2, 3
Suppose 4*j - 5*r = 79, -j - r + 17 = -5*r. What are the prime factors of j?
3, 7
Let y(z) = 2*z**2 - z - 2. Let p be y(-4). Let t = p + -8. Suppose 0 = 3*q - 25 - t. List the prime factors of q.
17
Suppose -b - z = 3*b - 67, b + z = 16. Let c = -12 + b. What are the prime factors of c?
5
Suppose -5 = 2*n - 3*h, -4*h + 2 = -3*n - 3. Suppose q - 6 = n*y - 29, 0 = -4*y - 5*q + 30. Let l = y + -3. List the prime factors of l.
2
Suppose -g = 2*f - 65, -